9*k + 3. Let v = 5 + 14. Let z = v + -23. What are the prime factors of w(z)?
3, 13
Let q(v) = 5*v**2 + 19*v + 138. List the prime factors of q(-11).
2, 3, 89
Suppose 4*c + 5*w - 7635 = 0, -c + 6*w = 9*w - 1914. List the prime factors of c.
3, 5, 127
Let s(j) = 17*j + 2. Let v be s(-2). Suppose -17 = 8*u - 25. List the prime factors of 10 - 8 - v/u.
2, 17
Let p(q) = 22*q**2 - q + 1. Let y be p(1). Let i = 57 - y. List the prime factors of i.
5, 7
What are the prime factors of ((-69444)/(-702))/(2/26)?
2, 643
Let r = 269 + 260. List the prime factors of r.
23
Suppose 4*p + 4*n - 10151 = -n, 2*p + 3*n - 5073 = 0. What are the prime factors of p?
2, 3, 53
List the prime factors of (7 - (-37)/(-5)) + (-2324)/(-10).
2, 29
Let u be 2*(-4)/(-16)*0. Let b be 168/(-16)*(u - 6). Suppose -4*l + 7*l = b. What are the prime factors of l?
3, 7
Suppose 0 = 4*y - 4*g - 0 + 20, 0 = 3*y + 4*g - 13. Let b be 2 - 1 - (-1 + y). Suppose 151 = 4*o - 0*v - 3*v, -o + 49 = -b*v. List the prime factors of o.
2, 17
Let k(c) = 2*c - 9. Suppose -4*m - 4*x + 156 = 0, 3*m - 7*x = -2*x + 93. Suppose -2*v - 2*v = -m. What are the prime factors of k(v)?
3
Let h be (-747)/9 + 0 + 1. Let w = -46 - h. What are the prime factors of w?
2, 3
Let j(m) = 18*m + 981. What are the prime factors of j(0)?
3, 109
Let a(t) = -t**2 + 21*t + 16. Let k = 13 - -8. List the prime factors of a(k).
2
Suppose -21 = -3*t + 33. Let c be 66/10 - t/(-45). What are the prime factors of ((-77)/(-2))/c*2?
11
Let i(r) = -23*r**3 - r**2 + 2*r + 1. Let z be i(2). List the prime factors of (z + -11)*(1 + -2).
2, 97
Let t = -44 - -40. What are the prime factors of -4 + 62 + -3 - t?
59
Let r = 3 + -6. What are the prime factors of (r + -1)*(11781/14)/(-17)?
2, 3, 11
Let u(c) = -9*c**3 - 3*c**2 + 3 + c**2 + 12*c**3. Let y be u(3). Let m = y + -43. What are the prime factors of m?
23
Let p(w) = w**3 - 6*w**2 + 10*w - 8. Let q be p(5). Suppose 0*b + 5457 = q*b. What are the prime factors of b?
3, 107
Let j be 3/(-2)*26/(-3). Let i = j - 3. Suppose b + 5 = i. What are the prime factors of b?
5
Let d(z) = z. Let v(p) = -3*p**2 + 13*p + 10. Let b(x) = 3*d(x) - v(x). Let n(g) be the first derivative of b(g). What are the prime factors of n(9)?
2, 11
Let w(r) = r**3 - 6*r**2 - 5*r + 11. What are the prime factors of w(11)?
3, 11, 17
Let d be 9/12 + 34/8. Suppose 2*x + d*c = 3*x - 26, 0 = -2*x - 4*c - 4. Let n = -3 + x. What are the prime factors of n?
3
Let t be 6/4*(-24)/(-18). Suppose -6*v - 2*n = -2*v - 14, -2*n = -t. Suppose v*x - 2*x - 24 = 0. List the prime factors of x.
2, 3
Let h = -274 + 924. Suppose -520 = -4*f - 4*g + 5*g, g + h = 5*f. List the prime factors of f.
2, 5, 13
Let h be -1 + -1 + (19 - (-1 + 4)). Let o(a) = -5 + a**3 + 12*a - 3 - 15*a**2 + 6*a. List the prime factors of o(h).
2, 3
Suppose 5*z - 89 - 1 = 0. Suppose 0 = -5*i + z + 132. Suppose 0 = -4*k + i + 2. What are the prime factors of k?
2
Let i be (2*(-8)/(-6))/((-14)/(-189)). Suppose -149 = -i*x + 35*x. List the prime factors of x.
149
Let p be -2 + 8 + 15/(-5). Suppose -p = -0*f + 3*f. What are the prime factors of (3 + f)*(-1425)/(-38)?
3, 5
Let z = -1955 + 2886. List the prime factors of z.
7, 19
What are the prime factors of -5 - -709 - (1 - -2)?
701
Suppose w + 4 = -2*w - i, -i = -5*w - 4. What are the prime factors of 4/3*33 + 0/w?
2, 11
Let o = -89 + 101. Suppose 13 = f - 0*f. Let b = o + f. What are the prime factors of b?
5
Suppose 3*u + 2*w - 7*w = 17, -5*w = 5. Let q be (-3)/(-4) + 5/u. Suppose -5*s - h + 3*h = -17, -q*s + 3*h - 2 = 0. List the prime factors of s.
5
Suppose 0*l = -l - 5*k + 75, -5*k + 255 = 3*l. Suppose x = -5*x + l. List the prime factors of x.
3, 5
Let h(y) be the first derivative of y**4/2 - 7*y**3/3 - 7*y**2/2 - 3*y + 3. Let v be h(6). Suppose 0 = o + 2*o - v. What are the prime factors of o?
3, 5
Suppose -6*a = -2325 - 447. Suppose 7*s = -7*s + a. What are the prime factors of s?
3, 11
Suppose -4*w - 4*z + 24 = 0, -14*z + 11*z + 12 = w. Suppose w*h + 38 = 50. List the prime factors of h.
2
Suppose -2*t + 6*t = 4. Let g(h) = 218*h**2 - h + 1. What are the prime factors of g(t)?
2, 109
Suppose -m - 2*l - 12 = 3*l, -4*l - 12 = 0. Suppose m*k = x + 622, -4*x = -3*k + 2*k + 200. Suppose k = 2*v + 2*v. List the prime factors of v.
2, 13
Let y(l) = -l. Let k(t) = 22*t + 14. Let u(i) = -2*k(i) - 14*y(i). List the prime factors of u(-3).
2, 31
Let a be (16/3)/(-4)*(-1 + -2). Suppose -a*m + 7*m = 417. What are the prime factors of m?
139
Let i = 174 - 49. Let l = -222 - -228. Suppose v + i = l*v. List the prime factors of v.
5
Let o be (-2)/6 - 295/(-3). Let z be -2 + 4 - -30 - 1. Suppose -5*w - z = -t, -5*t - 3*w = -85 - o. List the prime factors of t.
2, 3
Let r(y) = 12*y**2 + 11*y - 8. What are the prime factors of r(-6)?
2, 179
Let j(p) = 4*p**2 - 4*p - 40. List the prime factors of j(10).
2, 5
Let y(w) = -w**2 - 7*w - 9. Let h be y(-5). What are the prime factors of 200/2 + (-2)/h?
2, 7
Let a = -595 - -1225. What are the prime factors of a?
2, 3, 5, 7
Let i = 27 - 20. Suppose 9*u - 660 = i*u. Suppose -9*l + u = -3*l. List the prime factors of l.
5, 11
Let s(m) = -10*m**3 + 2*m**2 - 10*m + 11. List the prime factors of s(-7).
3, 401
Suppose 0 = -o - 0*o - 1. What are the prime factors of o/(-3*3/531)?
59
Suppose 3*i = g - 8, 0 = -g - 4*g - 5*i + 20. Suppose -g*u - 65 = -225. List the prime factors of u.
2
Let t = 1488 + -766. What are the prime factors of t?
2, 19
Let k = 103 - 70. Let f = -24 - -24. Suppose l + 0*l - k = f. List the prime factors of l.
3, 11
Suppose 1 = 2*p - 1. Let b be 1 + p + 5 - -1. Suppose 5*n + 90 = b*n. List the prime factors of n.
2, 3, 5
Let p(z) = -z. Let d be p(4). Let n(s) = 900*s - 1. Let v be n(d). What are the prime factors of (-3)/(-7) + v/(-91)?
2, 5
Let r = 6 - 0. Let o(p) be the second derivative of p**4/12 - 5*p**3/6 + 6*p**2 - p. List the prime factors of o(r).
2, 3
Suppose -p - 20 = -4*a - 5*p, -4*p - 5 = -a. Let c = 9 - a. Suppose -c*q = s + 2*s - 128, 0 = -2*q + s + 54. What are the prime factors of q?
29
Suppose 4*n + 3*d + 355 - 1007 = 0, 4*d = -16. Suppose 1009 = 3*u + n. List the prime factors of u.
281
What are the prime factors of (1033/2)/(26/104)?
2, 1033
Let k(u) = u**3 - 13*u**2 + 4*u - 29. Suppose 14*x - 246 = -50. List the prime factors of k(x).
223
Suppose 0 = -v + 5, -5*f + 3*v + 2518 + 752 = 0. Suppose 2*t + 187 - f = -4*d, -5*d - 3*t + 587 = 0. What are the prime factors of d?
2, 59
Let z(j) = -5*j**3 + 5*j**2 + 3*j - 2. Let x be z(-2). Suppose x = -4*r + 1208. What are the prime factors of r?
17
Let z(a) = -a**2 - 13*a + 2. Let t be z(-10). Suppose -3*l = -5*l + t. What are the prime factors of l?
2
Suppose -a - 4*x = -533, 0 = 4*a - 4*x + x - 2208. List the prime factors of a.
3, 61
Suppose 78*m - 29*m = 274498. List the prime factors of m.
2, 2801
Let n(f) = -272*f + 45. What are the prime factors of n(-8)?
2221
Suppose 4*o = -o + 15. Suppose 11 = o*h - 4. Suppose -70 = -h*k + 20. What are the prime factors of k?
2, 3
Let d(j) = -3*j - 4. Let o be d(-4). Let k(t) = 0 + 8*t + 2 - 3 + o. What are the prime factors of k(7)?
3, 7
Let i = -2258 + 3342. What are the prime factors of i?
2, 271
Suppose 5*o + 2*y - 1265 = 7*y, -3*o + 2*y + 758 = 0. List the prime factors of o.
2, 3, 7
Let n(x) = 3*x**2 + x - 3. List the prime factors of n(-6).
3, 11
Let q(j) = 8*j**2 + j + 4. Let s be q(3). Suppose 3*u - c = 120, 5*u - 3*u - c - s = 0. Suppose 0 = 4*r - u - 31. List the prime factors of r.
2, 3
Suppose 11*z - 167 = 207. What are the prime factors of z?
2, 17
Suppose 1882 = 10*a - 3478. List the prime factors of a.
2, 67
Suppose -9 = -2*x + b + 11, -x - 1 = 5*b. Let t be -9*(-3)/x - -49. Suppose n - 3*a + 8 = 2*n, 3*n - t = 5*a. What are the prime factors of n?
2, 7
Let m = -101 - -106. Suppose m*b = -2*n + 215, n - 421 = -3*n - b. List the prime factors of n.
3, 5, 7
Suppose 592 + 440 = 8*h. Suppose p - h = -p - 5*u, 3*p + u = 200. List the prime factors of p.
67
Let a be (-2)/8 + 17/68. Suppose 4*t + a*t = 60. What are the prime factors of t?
3, 5
Suppose 2*p - 7730 = -3*c, 3*c + 8*p - 4*p = 7732. List the prime factors of c.
2, 7, 23
Suppose -16140 = -6*f - 5724. List the prime factors of f.
2, 7, 31
Suppose -2*g + 13 = -17. Suppose -3*i = -9, -m - 2*m - 2*